{"id":27,"date":"2024-04-09T10:18:51","date_gmt":"2024-04-09T08:18:51","guid":{"rendered":"https:\/\/bi-erholungsort-schwielowsee.de\/?page_id=27"},"modified":"2024-04-09T14:17:40","modified_gmt":"2024-04-09T12:17:40","slug":"contact-2","status":"publish","type":"page","link":"https:\/\/bi-erholungsort-schwielowsee.de\/?page_id=27","title":{"rendered":"Kontakt"},"content":{"rendered":"\n<p>Haben Sie Fragen, Anregungen oder m\u00f6chten Sie uns unterst\u00fctzen? Wir freuen uns \u00fcber Ihre Nachricht! Nehmen Sie Kontakt mit uns auf, um mehr dar\u00fcber zu erfahren, wie Sie sich f\u00fcr den Erholungsort Schwielowsee engagieren k\u00f6nnen, oder um uns Ihre Ideen und Vorschl\u00e4ge mitzuteilen. Ihre Meinung ist uns wichtig, denn gemeinsam k\u00f6nnen wir mehr erreichen.<\/p>\n\n\n\n<p><strong>E-Mail:<\/strong> kontakt@bi-erholungsort-schwielowsee.de<\/p>\n\n\n\n<p>Z\u00f6gern Sie nicht, uns zu schreiben. Wir sind gespannt auf Ihre Nachricht und werden uns so schnell wie m\u00f6glich bei Ihnen melden.<\/p>\n\n\n\n<div class=\"wp-block-group has-global-padding is-layout-constrained wp-block-group-is-layout-constrained\">\n<div class=\"wp-block-contact-form-7-contact-form-selector\">\n<div class=\"wpcf7 no-js\" id=\"wpcf7-f86-o1\" lang=\"de-DE\" dir=\"ltr\" data-wpcf7-id=\"86\">\n<div class=\"screen-reader-response\"><p role=\"status\" aria-live=\"polite\" aria-atomic=\"true\"><\/p> <ul><\/ul><\/div>\n<form action=\"\/index.php?rest_route=%2Fwp%2Fv2%2Fpages%2F27#wpcf7-f86-o1\" method=\"post\" class=\"wpcf7-form init\" aria-label=\"Kontaktformular\" novalidate=\"novalidate\" data-status=\"init\">\n<fieldset class=\"hidden-fields-container\"><input type=\"hidden\" name=\"_wpcf7\" value=\"86\" \/><input type=\"hidden\" name=\"_wpcf7_version\" value=\"6.1.5\" \/><input type=\"hidden\" name=\"_wpcf7_locale\" value=\"de_DE\" \/><input type=\"hidden\" name=\"_wpcf7_unit_tag\" value=\"wpcf7-f86-o1\" \/><input type=\"hidden\" name=\"_wpcf7_container_post\" value=\"0\" \/><input type=\"hidden\" name=\"_wpcf7_posted_data_hash\" value=\"\" \/>\n<\/fieldset>\n<p><label> Name<br \/>\n<span class=\"wpcf7-form-control-wrap\" data-name=\"your-name\"><input size=\"40\" maxlength=\"400\" class=\"wpcf7-form-control wpcf7-text wpcf7-validates-as-required\" autocomplete=\"name\" aria-required=\"true\" aria-invalid=\"false\" value=\"\" type=\"text\" name=\"your-name\" \/><\/span> <\/label>\n<\/p>\n<p><label> E-Mail-Adresse<br \/>\n<span class=\"wpcf7-form-control-wrap\" data-name=\"your-email\"><input size=\"40\" maxlength=\"400\" class=\"wpcf7-form-control wpcf7-email wpcf7-validates-as-required wpcf7-text wpcf7-validates-as-email\" autocomplete=\"email\" aria-required=\"true\" aria-invalid=\"false\" value=\"\" type=\"email\" name=\"your-email\" \/><\/span> <\/label>\n<\/p>\n<p><label> Betreff<br \/>\n<span class=\"wpcf7-form-control-wrap\" data-name=\"your-subject\"><input size=\"40\" maxlength=\"400\" class=\"wpcf7-form-control wpcf7-text wpcf7-validates-as-required\" aria-required=\"true\" aria-invalid=\"false\" value=\"\" type=\"text\" name=\"your-subject\" \/><\/span> <\/label>\n<\/p>\n<p><label> Deine Nachricht (optional)<br \/>\n<span class=\"wpcf7-form-control-wrap\" data-name=\"your-message\"><textarea cols=\"40\" rows=\"10\" maxlength=\"2000\" class=\"wpcf7-form-control wpcf7-textarea\" aria-invalid=\"false\" name=\"your-message\"><\/textarea><\/span> <\/label>\n<\/p>\n<p><input class=\"wpcf7-form-control wpcf7-submit has-spinner\" type=\"submit\" value=\"Senden\" \/>\n<\/p><div class=\"wpcf7-response-output\" aria-hidden=\"true\"><\/div>\n<\/form>\n<\/div>\n<\/div>\n<\/div>\n","protected":false},"excerpt":{"rendered":"<p>Haben Sie Fragen, Anregungen oder m\u00f6chten Sie uns unterst\u00fctzen? Wir freuen uns \u00fcber Ihre Nachricht! Nehmen Sie Kontakt mit uns auf, um mehr dar\u00fcber zu erfahren, wie Sie sich f\u00fcr den Erholungsort Schwielowsee engagieren k\u00f6nnen, oder um uns Ihre Ideen und Vorschl\u00e4ge mitzuteilen. Ihre Meinung ist uns wichtig, denn gemeinsam k\u00f6nnen wir mehr erreichen. E-Mail: &hellip; <\/p>\n<p class=\"link-more\"><a href=\"https:\/\/bi-erholungsort-schwielowsee.de\/?page_id=27\" class=\"more-link\">Read more<span class=\"screen-reader-text\"> &#8220;Kontakt&#8221;<\/span><\/a><\/p>\n","protected":false},"author":1,"featured_media":90,"parent":0,"menu_order":0,"comment_status":"closed","ping_status":"closed","template":"","meta":{"footnotes":""},"class_list":["post-27","page","type-page","status-publish","has-post-thumbnail","hentry"],"_links":{"self":[{"href":"https:\/\/bi-erholungsort-schwielowsee.de\/index.php?rest_route=\/wp\/v2\/pages\/27","targetHints":{"allow":["GET"]}}],"collection":[{"href":"https:\/\/bi-erholungsort-schwielowsee.de\/index.php?rest_route=\/wp\/v2\/pages"}],"about":[{"href":"https:\/\/bi-erholungsort-schwielowsee.de\/index.php?rest_route=\/wp\/v2\/types\/page"}],"author":[{"embeddable":true,"href":"https:\/\/bi-erholungsort-schwielowsee.de\/index.php?rest_route=\/wp\/v2\/users\/1"}],"replies":[{"embeddable":true,"href":"https:\/\/bi-erholungsort-schwielowsee.de\/index.php?rest_route=%2Fwp%2Fv2%2Fcomments&post=27"}],"version-history":[{"count":5,"href":"https:\/\/bi-erholungsort-schwielowsee.de\/index.php?rest_route=\/wp\/v2\/pages\/27\/revisions"}],"predecessor-version":[{"id":110,"href":"https:\/\/bi-erholungsort-schwielowsee.de\/index.php?rest_route=\/wp\/v2\/pages\/27\/revisions\/110"}],"wp:featuredmedia":[{"embeddable":true,"href":"https:\/\/bi-erholungsort-schwielowsee.de\/index.php?rest_route=\/wp\/v2\/media\/90"}],"wp:attachment":[{"href":"https:\/\/bi-erholungsort-schwielowsee.de\/index.php?rest_route=%2Fwp%2Fv2%2Fmedia&parent=27"}],"curies":[{"name":"wp","href":"https:\/\/api.w.org\/{rel}","templated":true}]}}